{"id":863,"date":"2014-02-14T00:32:17","date_gmt":"2014-02-13T23:32:17","guid":{"rendered":"http:\/\/ny.thescreamfromnature.com\/?page_id=863"},"modified":"2016-02-14T00:43:23","modified_gmt":"2016-02-13T23:43:23","slug":"norsk","status":"publish","type":"page","link":"https:\/\/www.thescreamfromnature.com\/index.php\/norsk\/","title":{"rendered":"P\u00e5 norsk"},"content":{"rendered":"<p><strong><em>Skriket fra naturen<\/em>\u00a0er et milj\u00f8relatert kunstprosjekt som \u00f8nsker \u00e5 \u00f8ke bevisstheten om forholdet mellom mennesker og natur. Prosjektet er en samtidstolkning av Edvard Munchs mesterverk\u00a0<em>Skrik<\/em>, der det angstfylte ansiktet gjenskapes i stort format ute i naturen.<\/strong><\/p>\n<p>Munch skrev selv flere tekster om\u00a0<em>Skrik<\/em>, blant annet \u201dJeg f\u00f8lte det gikk et stort uendelig skrik gjennom naturen\u201d. I dag, over 100 \u00e5r senere, er det et annet \u201dskrik\u201d vi h\u00f8rer fra naturen; t\u00f8rke, flom, ekstremv\u00e6r, smeltende isbreer og\u00a0 utryddelse av arter er bare noen av utfordringene verden st\u00e5r ovenfor.<\/p>\n<p>Prosjektet er positivt vinklet \u2013 det vifter ikke med pekefingeren, men skal vise at alle kan gj\u00f8re noe: ved \u00e5 resirkulere, ved \u00e5 forbruke mindre og smartere, og ved \u00e5 lage skrik-formasjoner for \u00e5 skape oppmerksomhet og bevissthet.<\/p>\n<p><em>Skriket fra naturen<\/em>\u00a0er initiert av kunstner\u00a0<a href=\"http:\/\/lisewulff.com\/www.lisewulff.com\/Welcome.html\" target=\"_blank\">Lise Wulff<\/a>, og utviklet i samarbeid med\u00a0<a href=\"http:\/\/www.purecsr.no\" target=\"_blank\">Pure CSR<\/a>,\u00a0<a href=\"http:\/\/www.bellona.no\" target=\"_blank\">Bellona<\/a>\u00a0og kunstneren <a href=\"http:\/\/branislavnikolic.net\">Branislav Nikolic<\/a>. Prosjektet er innlemmet i det offisielle programmet til\u00a0Munch150; feiringen av Edvard Munchs 150-\u00e5rsdag. FNs milj\u00f8organ\u00a0<a href=\"http:\/\/www.unep.org\" target=\"_blank\">UNEP<\/a>\u00a0er en samarbeidspartner.\u00a0PanMedia\u00a0er prosjektets digitale mediapartner. Prosjektet har flere samarbeidspartnere i forhold til skolen:\u00a0<a href=\"http:\/\/www.salaby.no\/forsiden\" target=\"_blank\">Salaby<\/a>,\u00a0<a href=\"https:\/\/www.pangea.no\" target=\"_blank\">Pangeas milj\u00f8fond<\/a>\u00a0og\u00a0<a href=\"http:\/\/www.natursekken.no\" target=\"_blank\">Den Naturlige Skolesekken<\/a>\u00a0og har f\u00e5tt viktig st\u00f8tte fra\u00a0<a href=\"http:\/\/sparebankstiftelsen.no\" target=\"_blank\">Sparebankstiftelsen DNB<\/a>, Utenriksdepartementet, Milj\u00f8verndepartementet og Oslo Kommune Kulturetaten.<\/p>\n<p>Prosjektet inviterer alle til \u00e5 vise milj\u00f8engasjement ved \u00e5 lage sine egne <em>Skrik fra Naturen<\/em> og dele disse p\u00e5 <a href=\"https:\/\/www.facebook.com\/thescreamfromnature\/\" target=\"_blank\">Facebook<\/a> eller sende til scream at thescreamfromnature dot com, s\u00e5 vil vi s\u00f8rge for \u00e5 publisere bildet p\u00e5 sosiale medier. Vi s\u00f8ker ogs\u00e5 \u00e5 vise frem bidrag i andre relevante settinger, og har bl.a. hatt skjermvisning p\u00e5 Nasjonalgalleriet i Oslo og Museo Thyssen-Bornemisza i Madrid.<\/p>\n<p>Se <a href=\"https:\/\/vimeo.com\/99724276\" target=\"_blank\">film om prosjektet her &gt;&gt;<\/a><\/p>\n<p>Det er utviklet et <a href=\"https:\/\/munch150.wordpress.com\/about\/\" target=\"_blank\">opplegg for skoleverket som finnes her &gt;&gt;<\/a><\/p>\n","protected":false},"excerpt":{"rendered":"<p>Skriket fra naturen\u00a0er et milj\u00f8relatert kunstprosjekt som \u00f8nsker \u00e5 \u00f8ke bevisstheten om forholdet mellom mennesker og natur. Prosjektet er en samtidstolkning av Edvard Munchs mesterverk\u00a0Skrik, der det angstfylte ansiktet gjenskapes i stort format ute i naturen. Munch skrev selv flere tekster om\u00a0Skrik, blant annet \u201dJeg f\u00f8lte det gikk et stort [&hellip;]<\/p>\n","protected":false},"author":1,"featured_media":797,"parent":0,"menu_order":0,"comment_status":"closed","ping_status":"closed","template":"","meta":{"footnotes":""},"class_list":["post-863","page","type-page","status-publish","has-post-thumbnail","hentry"],"_links":{"self":[{"href":"https:\/\/www.thescreamfromnature.com\/index.php\/wp-json\/wp\/v2\/pages\/863","targetHints":{"allow":["GET"]}}],"collection":[{"href":"https:\/\/www.thescreamfromnature.com\/index.php\/wp-json\/wp\/v2\/pages"}],"about":[{"href":"https:\/\/www.thescreamfromnature.com\/index.php\/wp-json\/wp\/v2\/types\/page"}],"author":[{"embeddable":true,"href":"https:\/\/www.thescreamfromnature.com\/index.php\/wp-json\/wp\/v2\/users\/1"}],"replies":[{"embeddable":true,"href":"https:\/\/www.thescreamfromnature.com\/index.php\/wp-json\/wp\/v2\/comments?post=863"}],"version-history":[{"count":6,"href":"https:\/\/www.thescreamfromnature.com\/index.php\/wp-json\/wp\/v2\/pages\/863\/revisions"}],"predecessor-version":[{"id":869,"href":"https:\/\/www.thescreamfromnature.com\/index.php\/wp-json\/wp\/v2\/pages\/863\/revisions\/869"}],"wp:featuredmedia":[{"embeddable":true,"href":"https:\/\/www.thescreamfromnature.com\/index.php\/wp-json\/wp\/v2\/media\/797"}],"wp:attachment":[{"href":"https:\/\/www.thescreamfromnature.com\/index.php\/wp-json\/wp\/v2\/media?parent=863"}],"curies":[{"name":"wp","href":"https:\/\/api.w.org\/{rel}","templated":true}]}}

På norsk

<p><strong><em>Skriket fra naturen</em> er et miljørelatert kunstprosjekt som ønsker å øke bevisstheten om forholdet mellom mennesker og natur. Prosjektet er en samtidstolkning av Edvard Munchs mesterverk <em>Skrik</em>, der det angstfylte ansiktet gjenskapes i stort format ute i naturen.</strong></p>
<p>Munch skrev selv flere tekster om <em>Skrik</em>, blant annet ”Jeg følte det gikk et stort uendelig skrik gjennom naturen”. I dag, over 100 år senere, er det et annet ”skrik” vi hører fra naturen; tørke, flom, ekstremvær, smeltende isbreer og  utryddelse av arter er bare noen av utfordringene verden står ovenfor.</p>
<p>Prosjektet er positivt vinklet – det vifter ikke med pekefingeren, men skal vise at alle kan gjøre noe: ved å resirkulere, ved å forbruke mindre og smartere, og ved å lage skrik-formasjoner for å skape oppmerksomhet og bevissthet.</p>
<p><em>Skriket fra naturen</em> er initiert av kunstner <a href="http://lisewulff.com/www.lisewulff.com/Welcome.html" target="_blank">Lise Wulff</a>, og utviklet i samarbeid med <a href="http://www.purecsr.no" target="_blank">Pure CSR</a>, <a href="http://www.bellona.no" target="_blank">Bellona</a> og kunstneren <a href="http://branislavnikolic.net">Branislav Nikolic</a>. Prosjektet er innlemmet i det offisielle programmet til Munch150; feiringen av Edvard Munchs 150-årsdag. FNs miljøorgan <a href="http://www.unep.org" target="_blank">UNEP</a> er en samarbeidspartner. PanMedia er prosjektets digitale mediapartner. Prosjektet har flere samarbeidspartnere i forhold til skolen: <a href="http://www.salaby.no/forsiden" target="_blank">Salaby</a>, <a href="https://www.pangea.no" target="_blank">Pangeas miljøfond</a> og <a href="http://www.natursekken.no" target="_blank">Den Naturlige Skolesekken</a> og har fått viktig støtte fra <a href="http://sparebankstiftelsen.no" target="_blank">Sparebankstiftelsen DNB</a>, Utenriksdepartementet, Miljøverndepartementet og Oslo Kommune Kulturetaten.</p>
<p>Prosjektet inviterer alle til å vise miljøengasjement ved å lage sine egne <em>Skrik fra Naturen</em> og dele disse på <a href="https://www.facebook.com/thescreamfromnature/" target="_blank">Facebook</a> eller sende til scream at thescreamfromnature dot com, så vil vi sørge for å publisere bildet på sosiale medier. Vi søker også å vise frem bidrag i andre relevante settinger, og har bl.a. hatt skjermvisning på Nasjonalgalleriet i Oslo og Museo Thyssen-Bornemisza i Madrid.</p>
<p>Se <a href="https://vimeo.com/99724276" target="_blank">film om prosjektet her &gt;&gt;</a></p>
<p>Det er utviklet et <a href="https://munch150.wordpress.com/about/" target="_blank">opplegg for skoleverket som finnes her &gt;&gt;</a></p>

<p>Skriket fra naturen er et miljørelatert kunstprosjekt som ønsker å øke bevisstheten om forholdet mellom mennesker og natur. Prosjektet er en samtidstolkning av Edvard Munchs mesterverk Skrik, der det angstfylte ansiktet gjenskapes i stort format ute i naturen. Munch skrev selv flere tekster om Skrik, blant annet ”Jeg følte det gikk et stort [&hellip;]</p>
