{"id":835,"date":"2016-02-12T13:07:50","date_gmt":"2016-02-12T12:07:50","guid":{"rendered":"http:\/\/ny.thescreamfromnature.com\/?page_id=835"},"modified":"2016-02-27T08:27:36","modified_gmt":"2016-02-27T07:27:36","slug":"en-espanol","status":"publish","type":"page","link":"https:\/\/www.thescreamfromnature.com\/index.php\/en-espanol\/","title":{"rendered":"En Espa\u00f1ol"},"content":{"rendered":"<h3><span style=\"font-size: 1.17em; font-weight: normal;\">\u00a1Insp\u00edrate en las obras de Munch!<\/span><\/h3>\n<figure id=\"attachment_1552\" aria-describedby=\"caption-attachment-1552\" style=\"width: 2374px\" class=\"wp-caption alignnone\"><img loading=\"lazy\" decoding=\"async\" class=\"wp-image-1552 size-full\" src=\"https:\/\/www.thescreamfromnature.com\/wp-content\/uploads\/2016\/02\/skjermbilde-2016-02-24-kl.-15.49.52-kopi.jpg\" alt=\"Munch: Enredadera roja 1898 \u00a9 Munch-Ellingsen Group. Un Grito de la Naturaleza con enredaderas rojas at EducaThyssen\" width=\"2374\" height=\"944\" srcset=\"https:\/\/www.thescreamfromnature.com\/wp-content\/uploads\/2016\/02\/skjermbilde-2016-02-24-kl.-15.49.52-kopi.jpg 2374w, https:\/\/www.thescreamfromnature.com\/wp-content\/uploads\/2016\/02\/skjermbilde-2016-02-24-kl.-15.49.52-kopi-300x119.jpg 300w, https:\/\/www.thescreamfromnature.com\/wp-content\/uploads\/2016\/02\/skjermbilde-2016-02-24-kl.-15.49.52-kopi-768x305.jpg 768w, https:\/\/www.thescreamfromnature.com\/wp-content\/uploads\/2016\/02\/skjermbilde-2016-02-24-kl.-15.49.52-kopi-1024x407.jpg 1024w, https:\/\/www.thescreamfromnature.com\/wp-content\/uploads\/2016\/02\/skjermbilde-2016-02-24-kl.-15.49.52-kopi-800x318.jpg 800w, https:\/\/www.thescreamfromnature.com\/wp-content\/uploads\/2016\/02\/skjermbilde-2016-02-24-kl.-15.49.52-kopi-500x199.jpg 500w, https:\/\/www.thescreamfromnature.com\/wp-content\/uploads\/2016\/02\/skjermbilde-2016-02-24-kl.-15.49.52-kopi-2048x814.jpg 2048w\" sizes=\"auto, (max-width: 2374px) 100vw, 2374px\" \/><figcaption id=\"caption-attachment-1552\" class=\"wp-caption-text\">Munch: Enredadera roja 1898 \u00a9 Munch-Ellingsen Group. Un Grito de la Naturaleza con enredaderas rojas at EducaThyssen<\/figcaption><\/figure>\n<p>Con motivo de la exposici\u00f3n\u00a0<em>Edvard Munch. Arquetipos<\/em>\u00a0orga\u00adnizada por el\u00a0<a href=\"http:\/\/www.museothyssen.org\/en\/thyssen\/home\" target=\"_blank\">Museo Thyssen-Bornemisza<\/a>\u00a0de Madrid y el\u00a0<a href=\"http:\/\/munchmuseet.no\" target=\"_blank\">Munch Museet<\/a>\u00a0de Oslo, del 06 de octubre de 2015 al 17 de enero de 2016, se desarrolla el proyecto\u00a0<em>El Grito de la Naturaleza<\/em>\u00a0en Espa\u00f1a a trav\u00e9s del \u00c1rea de Educaci\u00f3n del Museo Thyssen-Bornemisza. Est\u00e1is todos invitados a participar, en especial los centros escolares.\u00a0A continuaci\u00f3n detallamos c\u00f3mo participar.<\/p>\n<p><img loading=\"lazy\" decoding=\"async\" class=\"alignnone size-full wp-image-1603\" src=\"https:\/\/www.thescreamfromnature.com\/wp-content\/uploads\/2015\/11\/logo-samlet-mtb-og-et.png\" alt=\"Logo samlet MTB og ET\" width=\"2230\" height=\"398\" srcset=\"https:\/\/www.thescreamfromnature.com\/wp-content\/uploads\/2015\/11\/logo-samlet-mtb-og-et.png 2230w, https:\/\/www.thescreamfromnature.com\/wp-content\/uploads\/2015\/11\/logo-samlet-mtb-og-et-300x54.png 300w, https:\/\/www.thescreamfromnature.com\/wp-content\/uploads\/2015\/11\/logo-samlet-mtb-og-et-768x137.png 768w, https:\/\/www.thescreamfromnature.com\/wp-content\/uploads\/2015\/11\/logo-samlet-mtb-og-et-1024x183.png 1024w, https:\/\/www.thescreamfromnature.com\/wp-content\/uploads\/2015\/11\/logo-samlet-mtb-og-et-800x143.png 800w, https:\/\/www.thescreamfromnature.com\/wp-content\/uploads\/2015\/11\/logo-samlet-mtb-og-et-500x89.png 500w, https:\/\/www.thescreamfromnature.com\/wp-content\/uploads\/2015\/11\/logo-samlet-mtb-og-et-2048x366.png 2048w\" sizes=\"auto, (max-width: 2230px) 100vw, 2230px\" \/><\/p>\n<p>Durante toda la exposici\u00f3n\u00a0<em>Edvard Munch. Arquetipos<\/em>, el proyecto se visibilizar\u00e1 en el Museo a trav\u00e9s de una pantalla, situada en el hall. M\u00e1ndanos una foto de tu propio Grito de la Naturaleza, y la presentamos en la misma pantalla.<\/p>\n<h3><a href=\"https:\/\/vimeo.com\/144906166\" target=\"_blank\">En este video puedes conocer algo m\u00e1s del proyecto El Grito de la Naturaleza y c\u00f3mo participar en \u00e9l &gt;&gt;&gt;<\/a><\/h3>\n<p>&nbsp;<\/p>\n<h3><span style=\"color: #99cc00;\"><strong>\u00bf<\/strong>Como participar?<\/span><\/h3>\n<p>&nbsp;<\/p>\n<p><strong>Haz tu propio Grito de la Naturaleza<img loading=\"lazy\" decoding=\"async\" class=\"alignright wp-image-1568 \" src=\"https:\/\/www.thescreamfromnature.com\/wp-content\/uploads\/2016\/02\/scream-trees-spain-kopi-210x300.jpg\" alt=\"Print\" width=\"155\" height=\"222\" srcset=\"https:\/\/www.thescreamfromnature.com\/wp-content\/uploads\/2016\/02\/scream-trees-spain-kopi-210x300.jpg 210w, https:\/\/www.thescreamfromnature.com\/wp-content\/uploads\/2016\/02\/scream-trees-spain-kopi-768x1097.jpg 768w, https:\/\/www.thescreamfromnature.com\/wp-content\/uploads\/2016\/02\/scream-trees-spain-kopi-717x1024.jpg 717w, https:\/\/www.thescreamfromnature.com\/wp-content\/uploads\/2016\/02\/scream-trees-spain-kopi-800x1142.jpg 800w, https:\/\/www.thescreamfromnature.com\/wp-content\/uploads\/2016\/02\/scream-trees-spain-kopi-500x714.jpg 500w, https:\/\/www.thescreamfromnature.com\/wp-content\/uploads\/2016\/02\/scream-trees-spain-kopi.jpg 1772w\" sizes=\"auto, (max-width: 155px) 100vw, 155px\" \/><\/strong><\/p>\n<dl id=\"attachment_369\">\n<dt><\/dt>\n<\/dl>\n<div>\n<p>Elige un material y dibuja tu Grito en la naturaleza. Si necesitas un dibujo, aqu\u00ed lo tienes:<\/p>\n<div>\n<p><strong>Saca una foto de tu Grito de la Naturaleza<\/strong><\/p>\n<p>Puedes sacar foto del Grito solo, o con gente. Recuerda que vamos a compartir las fotos en redes sociales, as\u00ed que la gente que sale tiene que estar de acuerdo con esto.<\/p>\n<p><strong>Mandanos la foto<\/strong><\/p>\n<p>Manda la foto a scream@thescreamfromnature.com y a educathyssen@museothyssen.org. Las fotos que recibimos antes del 31.12.2015 se presentar\u00e1n en una pantalla en El Museo Thyssen-Bornemisza. Tambi\u00e9n, compartimos las fotos en\u00a0<strong><a href=\"https:\/\/www.facebook.com\/thescreamfromnature\" target=\"_blank\">Facebook<\/a><\/strong>\u00a0y Instagram #thescreamfromnature. Para esto, no hay fecha limitada. Al mandarnos la foto, nos das el derecho de utilizarla sin compensaci\u00f3n.<\/p>\n<h3><\/h3>\n<h3>Sobre el proyecto<\/h3>\n<p><em>The\u00a0<\/em><em>Scream from Nature &#8211; El Grito de la Naturaleza &#8211;\u00a0<\/em>es un proyecto eco-art\u00edstico que tiene como objetivo concien\u00adciar a la sociedad sobre la relaci\u00f3n entre el ser humano y la naturaleza. Iniciado y desa\u00adrrollado en 2013 por la artista noruega Lise Wulff, con mo\u00adtivo del 150 aniversario del nacimiento de Edvard Munch (<em>Munch150)<\/em>\u00a0el proyecto se basa en la interpretaci\u00f3n de la pintura del artista noruego<em>\u00a0El grito,\u00a0<\/em>cuyo rostro ic\u00f3nico se recrea al aire libre y en gran formato con materiales de reciclaje, de bajo consumo y respetuosos con el medio natural. El malestar, la preocu\u00adpaci\u00f3n y el desasosiego que Munch sinti\u00f3 por la realidad que le rode\u00f3 no s\u00f3lo fueron representados en sus pintu\u00adras. El artista noruego dej\u00f3 en muchos de sus escritos referencias de su inquietud, sentir y emoci\u00f3n por la natu\u00adraleza:\u00a0<em>&#8220;Sent\u00ed un profundo grito interminable a trav\u00e9s de la naturaleza&#8221;.<\/em><\/p>\n<figure id=\"attachment_1247\" aria-describedby=\"caption-attachment-1247\" style=\"width: 1134px\" class=\"wp-caption alignnone\"><img loading=\"lazy\" decoding=\"async\" class=\"wp-image-1247 size-full\" src=\"https:\/\/www.thescreamfromnature.com\/wp-content\/uploads\/2016\/02\/skjermbilde-2016-02-19-kl.-17.25.59.png\" alt=\"\" width=\"1134\" height=\"626\" srcset=\"https:\/\/www.thescreamfromnature.com\/wp-content\/uploads\/2016\/02\/skjermbilde-2016-02-19-kl.-17.25.59.png 1134w, https:\/\/www.thescreamfromnature.com\/wp-content\/uploads\/2016\/02\/skjermbilde-2016-02-19-kl.-17.25.59-300x166.png 300w, https:\/\/www.thescreamfromnature.com\/wp-content\/uploads\/2016\/02\/skjermbilde-2016-02-19-kl.-17.25.59-768x424.png 768w, https:\/\/www.thescreamfromnature.com\/wp-content\/uploads\/2016\/02\/skjermbilde-2016-02-19-kl.-17.25.59-1024x565.png 1024w, https:\/\/www.thescreamfromnature.com\/wp-content\/uploads\/2016\/02\/skjermbilde-2016-02-19-kl.-17.25.59-800x442.png 800w, https:\/\/www.thescreamfromnature.com\/wp-content\/uploads\/2016\/02\/skjermbilde-2016-02-19-kl.-17.25.59-500x276.png 500w, https:\/\/www.thescreamfromnature.com\/wp-content\/uploads\/2016\/02\/skjermbilde-2016-02-19-kl.-17.25.59-600x330.png 600w, https:\/\/www.thescreamfromnature.com\/wp-content\/uploads\/2016\/02\/skjermbilde-2016-02-19-kl.-17.25.59-400x220.png 400w\" sizes=\"auto, (max-width: 1134px) 100vw, 1134px\" \/><figcaption id=\"caption-attachment-1247\" class=\"wp-caption-text\">Edvard Munch, The Scream, 1893 \u00a9 Munch Museum\/Munch-Ellingsen Group\/BONO. Right: Munch&#8217;s writings about the Scream, emunch.no<\/figcaption><\/figure>\n<p>El atronador sonido de\u00a0<em>El grito\u00a0<\/em>es interpretado 100 a\u00f1os despu\u00e9s como una llamada de auxilio de la naturaleza. El proyecto invita a que las per\u00adsonas de todo el mundo rein\u00adterpreten art\u00edsticamente este agudo lamento de nuestro mundo natural, afectado por nuestro modo de vida. Cada propuesta debe ser fotogra\u00adfiada y subida a las redes sociales de\u00a0<strong><a href=\"https:\/\/www.facebook.com\/thescreamfromnature\" target=\"_blank\">Facebook<\/a><\/strong>\u00a0e <a href=\"https:\/\/www.thescreamfromnature.com\/index.php\/instagram-feed\/\">Instagram<\/a> \u00ad#thescreamfromnature, para crear un proyecto colectivo. El proyecto se puso en marcha gracias a la cola\u00adboraci\u00f3n de\u00a0<strong><a href=\"http:\/\/lisewulff.com\" target=\"_blank\">Lise Wulff<\/a><\/strong>\u00a0con\u00a0<a href=\"http:\/\/bellona.org\" target=\"_blank\">la ONG Bellona<\/a>, la compa\u00f1\u00eda de responsabilidad social\u00a0<a href=\"http:\/\/www.purecsr.no\" target=\"_blank\">Pure CSR<\/a>\u00a0y el artista serbio\u00a0<a href=\"http:\/\/branislavnikolic.net\" target=\"_blank\">Bra\u00adnislav Nikolic<\/a>, as\u00ed como con\u00a0<a href=\"http:\/\/www.unep.org\" target=\"_blank\">United Nations Environment Programme<\/a>\u00a0para la celebraci\u00f3n de\u00a0<a href=\"http:\/\/www.munch150.no\" target=\"_blank\">Munch150<\/a>.<\/p>\n<p>Asimismo, el prop\u00f3sito es incidir de una forma m\u00e1s amplia y profunda en el conocimiento de la obra de Edvard Munch, de tal modo que se puedan trabajar de manera transversal materias curricula\u00adres como artes visuales, ciencias naturales, ciencias sociales, matem\u00e1ticas, etc.<\/p>\n<h3><span style=\"color: #000000;\">Se puede utilizar todo tipo de materiales para hacer un Grito de la Naturaleza<\/span><\/h3>\n<p>Pl\u00e1stico, vidrio, metales, pilas, electr\u00f3nicos viejos y usados,&#8230;. todo puede ser el punto de departe.<\/p>\n<p><img loading=\"lazy\" decoding=\"async\" class=\"alignnone size-full wp-image-855\" src=\"https:\/\/www.thescreamfromnature.com\/wp-content\/uploads\/2014\/05\/marienlyst-garbage-head-kopi-1.jpg\" alt=\"\" width=\"2211\" height=\"1333\" srcset=\"https:\/\/www.thescreamfromnature.com\/wp-content\/uploads\/2014\/05\/marienlyst-garbage-head-kopi-1.jpg 2211w, https:\/\/www.thescreamfromnature.com\/wp-content\/uploads\/2014\/05\/marienlyst-garbage-head-kopi-1-300x181.jpg 300w, https:\/\/www.thescreamfromnature.com\/wp-content\/uploads\/2014\/05\/marienlyst-garbage-head-kopi-1-768x463.jpg 768w, https:\/\/www.thescreamfromnature.com\/wp-content\/uploads\/2014\/05\/marienlyst-garbage-head-kopi-1-1024x617.jpg 1024w, https:\/\/www.thescreamfromnature.com\/wp-content\/uploads\/2014\/05\/marienlyst-garbage-head-kopi-1-800x482.jpg 800w, https:\/\/www.thescreamfromnature.com\/wp-content\/uploads\/2014\/05\/marienlyst-garbage-head-kopi-1-500x301.jpg 500w, https:\/\/www.thescreamfromnature.com\/wp-content\/uploads\/2014\/05\/marienlyst-garbage-head-kopi-1-2048x1235.jpg 2048w\" sizes=\"auto, (max-width: 2211px) 100vw, 2211px\" \/><\/p>\n<p>Aqui se ve una clase en Oslo que ha recogido basura fuera de la escuela, pare hacer su\u00a0<em>Garbage Head.\u00a0<\/em>Los alumnos estudiaron Edvard Munch y su obra en general. Y adem\u00e1s, hablaron de como hay que tratar nuestra planeta Tierra; ejemplificado con lo de no tirar basura por la calle.<\/p>\n<p>Puedes ver otros ejemplos de escuelas noruegas\u00a0<strong><a href=\"https:\/\/munch150.wordpress.com\" target=\"_blank\">aqu\u00ed &gt;&gt;&gt;<\/a>\u00a0 \u00a0 \u00a0<\/strong><\/p>\n<p>Adem\u00e1s de los materiales de reciclaje, se puede utilizar materiales de la naturaleza, como hojas, piedras, frutas,&#8230; Asi puede aumentar la conciencia sobre la belleza y el valor de la naturaleza.<\/p>\n<h3><span style=\"font-size: 1.17em; font-weight: normal;\">\u00a1Insp\u00edrate en las obras de Munch!<\/span><\/h3>\n<p>Edvard Munch pensaba a la naturaleza como un recurso grande para su arte:<\/p>\n<blockquote><p><strong>La naturaleza es el reino grande de donde la imagen obtiene sus nutrientes<\/strong><\/p>\n<p><em>Edvard Munch<\/em><\/p><\/blockquote>\n<p>En la exposici\u00f3n\u00a0<em>Edvard Munch. Arquetipos<\/em>\u00a0puedes ver como Munch reflexionaba sobre la naturaleza. Puedes inspirarte en estas obras cuando haces tu propio Grito de la Naturaleza. Estos son algunos ejemplos:<\/p>\n<p>Hojas amarillas:<\/p>\n<\/div>\n<\/div>\n<figure id=\"attachment_1560\" aria-describedby=\"caption-attachment-1560\" style=\"width: 2368px\" class=\"wp-caption alignnone\"><img loading=\"lazy\" decoding=\"async\" class=\"size-full wp-image-1560\" src=\"https:\/\/www.thescreamfromnature.com\/wp-content\/uploads\/2016\/02\/skjermbilde-2016-02-24-kl.-16.40.47-kopi.jpg\" alt=\"Munch El manzano 1921 \u00a9 Munch Museum\/Munch-Ellingsen Group. Grito de la Naturaleza de H\u00f8nefoss school, photo Ingela Grov\" width=\"2368\" height=\"954\" srcset=\"https:\/\/www.thescreamfromnature.com\/wp-content\/uploads\/2016\/02\/skjermbilde-2016-02-24-kl.-16.40.47-kopi.jpg 2368w, https:\/\/www.thescreamfromnature.com\/wp-content\/uploads\/2016\/02\/skjermbilde-2016-02-24-kl.-16.40.47-kopi-300x121.jpg 300w, https:\/\/www.thescreamfromnature.com\/wp-content\/uploads\/2016\/02\/skjermbilde-2016-02-24-kl.-16.40.47-kopi-768x309.jpg 768w, https:\/\/www.thescreamfromnature.com\/wp-content\/uploads\/2016\/02\/skjermbilde-2016-02-24-kl.-16.40.47-kopi-1024x413.jpg 1024w, https:\/\/www.thescreamfromnature.com\/wp-content\/uploads\/2016\/02\/skjermbilde-2016-02-24-kl.-16.40.47-kopi-800x322.jpg 800w, https:\/\/www.thescreamfromnature.com\/wp-content\/uploads\/2016\/02\/skjermbilde-2016-02-24-kl.-16.40.47-kopi-500x201.jpg 500w, https:\/\/www.thescreamfromnature.com\/wp-content\/uploads\/2016\/02\/skjermbilde-2016-02-24-kl.-16.40.47-kopi-2048x825.jpg 2048w\" sizes=\"auto, (max-width: 2368px) 100vw, 2368px\" \/><figcaption id=\"caption-attachment-1560\" class=\"wp-caption-text\">Munch El manzano 1921 \u00a9 Munch Museum\/Munch-Ellingsen Group. Grito de la Naturaleza de H\u00f8nefoss school, photo Ingela Grov<\/figcaption><\/figure>\n<div>\n<div>\n<p>Nieve colorada:<\/p>\n<figure id=\"attachment_1562\" aria-describedby=\"caption-attachment-1562\" style=\"width: 2348px\" class=\"wp-caption alignnone\"><img loading=\"lazy\" decoding=\"async\" class=\"size-full wp-image-1562\" src=\"https:\/\/www.thescreamfromnature.com\/wp-content\/uploads\/2016\/02\/skjermbilde-2016-02-24-kl.-16.43.51-kopi.jpg\" alt=\"Munch Noche estrellada 1922-1924 \u00a9Munch Museum\/Munch-Ellingsen Group. Gritos de la Naturaleza from Hakadal school, photo Janne Beate Standal\" width=\"2348\" height=\"1088\" srcset=\"https:\/\/www.thescreamfromnature.com\/wp-content\/uploads\/2016\/02\/skjermbilde-2016-02-24-kl.-16.43.51-kopi.jpg 2348w, https:\/\/www.thescreamfromnature.com\/wp-content\/uploads\/2016\/02\/skjermbilde-2016-02-24-kl.-16.43.51-kopi-300x139.jpg 300w, https:\/\/www.thescreamfromnature.com\/wp-content\/uploads\/2016\/02\/skjermbilde-2016-02-24-kl.-16.43.51-kopi-768x356.jpg 768w, https:\/\/www.thescreamfromnature.com\/wp-content\/uploads\/2016\/02\/skjermbilde-2016-02-24-kl.-16.43.51-kopi-1024x474.jpg 1024w, https:\/\/www.thescreamfromnature.com\/wp-content\/uploads\/2016\/02\/skjermbilde-2016-02-24-kl.-16.43.51-kopi-800x371.jpg 800w, https:\/\/www.thescreamfromnature.com\/wp-content\/uploads\/2016\/02\/skjermbilde-2016-02-24-kl.-16.43.51-kopi-500x232.jpg 500w, https:\/\/www.thescreamfromnature.com\/wp-content\/uploads\/2016\/02\/skjermbilde-2016-02-24-kl.-16.43.51-kopi-2048x949.jpg 2048w\" sizes=\"auto, (max-width: 2348px) 100vw, 2348px\" \/><figcaption id=\"caption-attachment-1562\" class=\"wp-caption-text\">Munch Noche estrellada 1922-1924 \u00a9Munch Museum\/Munch-Ellingsen Group. Gritos de la Naturaleza from Hakadal school, photo Janne Beate Standal<\/figcaption><\/figure>\n<p>Luz:<\/p>\n<figure id=\"attachment_1564\" aria-describedby=\"caption-attachment-1564\" style=\"width: 2298px\" class=\"wp-caption alignnone\"><img loading=\"lazy\" decoding=\"async\" class=\"size-full wp-image-1564\" src=\"https:\/\/www.thescreamfromnature.com\/wp-content\/uploads\/2016\/02\/skjermbilde-2016-02-24-kl.-16.47.19-kopi.jpg\" alt=\"Munch La tormenta 1893 \u00a9 Munch Museum\/Munch-Ellingsen Group. Grito de la Naturaleza de Paal Alme\" width=\"2298\" height=\"944\" srcset=\"https:\/\/www.thescreamfromnature.com\/wp-content\/uploads\/2016\/02\/skjermbilde-2016-02-24-kl.-16.47.19-kopi.jpg 2298w, https:\/\/www.thescreamfromnature.com\/wp-content\/uploads\/2016\/02\/skjermbilde-2016-02-24-kl.-16.47.19-kopi-300x123.jpg 300w, https:\/\/www.thescreamfromnature.com\/wp-content\/uploads\/2016\/02\/skjermbilde-2016-02-24-kl.-16.47.19-kopi-768x315.jpg 768w, https:\/\/www.thescreamfromnature.com\/wp-content\/uploads\/2016\/02\/skjermbilde-2016-02-24-kl.-16.47.19-kopi-1024x421.jpg 1024w, https:\/\/www.thescreamfromnature.com\/wp-content\/uploads\/2016\/02\/skjermbilde-2016-02-24-kl.-16.47.19-kopi-800x329.jpg 800w, https:\/\/www.thescreamfromnature.com\/wp-content\/uploads\/2016\/02\/skjermbilde-2016-02-24-kl.-16.47.19-kopi-500x205.jpg 500w, https:\/\/www.thescreamfromnature.com\/wp-content\/uploads\/2016\/02\/skjermbilde-2016-02-24-kl.-16.47.19-kopi-2048x841.jpg 2048w\" sizes=\"auto, (max-width: 2298px) 100vw, 2298px\" \/><figcaption id=\"caption-attachment-1564\" class=\"wp-caption-text\">Munch La tormenta 1893 \u00a9 Munch Museum\/Munch-Ellingsen Group. Grito de la Naturaleza de Paal Alme<\/figcaption><\/figure>\n<p>Piedras preciosas:<\/p>\n<figure id=\"attachment_1566\" aria-describedby=\"caption-attachment-1566\" style=\"width: 2368px\" class=\"wp-caption alignnone\"><img loading=\"lazy\" decoding=\"async\" class=\"size-full wp-image-1566\" src=\"https:\/\/www.thescreamfromnature.com\/wp-content\/uploads\/2016\/02\/skjermbilde-2016-02-24-kl.-16.50.52-kopi.jpg\" alt=\"Munch Dos mujeres en la orilla \u00a9 Munch Museum\/Munch-Ellingsen Group. El Grito de la Naturaleza de H\u00f8nefoss school, foto Ingela Grov\" width=\"2368\" height=\"942\" srcset=\"https:\/\/www.thescreamfromnature.com\/wp-content\/uploads\/2016\/02\/skjermbilde-2016-02-24-kl.-16.50.52-kopi.jpg 2368w, https:\/\/www.thescreamfromnature.com\/wp-content\/uploads\/2016\/02\/skjermbilde-2016-02-24-kl.-16.50.52-kopi-300x119.jpg 300w, https:\/\/www.thescreamfromnature.com\/wp-content\/uploads\/2016\/02\/skjermbilde-2016-02-24-kl.-16.50.52-kopi-768x306.jpg 768w, https:\/\/www.thescreamfromnature.com\/wp-content\/uploads\/2016\/02\/skjermbilde-2016-02-24-kl.-16.50.52-kopi-1024x407.jpg 1024w, https:\/\/www.thescreamfromnature.com\/wp-content\/uploads\/2016\/02\/skjermbilde-2016-02-24-kl.-16.50.52-kopi-800x318.jpg 800w, https:\/\/www.thescreamfromnature.com\/wp-content\/uploads\/2016\/02\/skjermbilde-2016-02-24-kl.-16.50.52-kopi-500x199.jpg 500w, https:\/\/www.thescreamfromnature.com\/wp-content\/uploads\/2016\/02\/skjermbilde-2016-02-24-kl.-16.50.52-kopi-2048x815.jpg 2048w\" sizes=\"auto, (max-width: 2368px) 100vw, 2368px\" \/><figcaption id=\"caption-attachment-1566\" class=\"wp-caption-text\">Munch Dos mujeres en la orilla \u00a9 Munch Museum\/Munch-Ellingsen Group. El Grito de la Naturaleza de H\u00f8nefoss school, foto Ingela Grov<\/figcaption><\/figure>\n<p>Mira unos de los Gritos ponderosos de los colegios espa\u00f1oles\u00a0<a href=\"https:\/\/www.thescreamfromnature.com\/index.php\/lens_portfolio\/join_us_on_facebook\/\" target=\"_blank\">aqu\u00ed &gt;&gt;&gt;<\/a>\u00a0y\u00a0<a href=\"https:\/\/www.thescreamfromnature.com\/index.php\/lens_portfolio\/colegio-newman-in-madrid\/\" target=\"_blank\">aqu\u00ed&gt;&gt;&gt;<\/a><\/p>\n<p>&nbsp;<\/p>\n<p><img loading=\"lazy\" decoding=\"async\" class=\"alignnone size-full wp-image-1603\" src=\"https:\/\/www.thescreamfromnature.com\/wp-content\/uploads\/2015\/11\/logo-samlet-mtb-og-et.png\" alt=\"Logo samlet MTB og ET\" width=\"2230\" height=\"398\" srcset=\"https:\/\/www.thescreamfromnature.com\/wp-content\/uploads\/2015\/11\/logo-samlet-mtb-og-et.png 2230w, https:\/\/www.thescreamfromnature.com\/wp-content\/uploads\/2015\/11\/logo-samlet-mtb-og-et-300x54.png 300w, https:\/\/www.thescreamfromnature.com\/wp-content\/uploads\/2015\/11\/logo-samlet-mtb-og-et-768x137.png 768w, https:\/\/www.thescreamfromnature.com\/wp-content\/uploads\/2015\/11\/logo-samlet-mtb-og-et-1024x183.png 1024w, https:\/\/www.thescreamfromnature.com\/wp-content\/uploads\/2015\/11\/logo-samlet-mtb-og-et-800x143.png 800w, https:\/\/www.thescreamfromnature.com\/wp-content\/uploads\/2015\/11\/logo-samlet-mtb-og-et-500x89.png 500w, https:\/\/www.thescreamfromnature.com\/wp-content\/uploads\/2015\/11\/logo-samlet-mtb-og-et-2048x366.png 2048w\" sizes=\"auto, (max-width: 2230px) 100vw, 2230px\" \/><\/p>\n<p>&nbsp;<\/p>\n<p><img loading=\"lazy\" decoding=\"async\" class=\"size-full wp-image-1584 aligncenter\" src=\"https:\/\/www.thescreamfromnature.com\/wp-content\/uploads\/2015\/10\/skjermbilde-2016-02-24-kl.-17.41.10.png\" alt=\"Skjermbilde 2016-02-24 kl. 17.41.10\" width=\"330\" height=\"134\" srcset=\"https:\/\/www.thescreamfromnature.com\/wp-content\/uploads\/2015\/10\/skjermbilde-2016-02-24-kl.-17.41.10.png 330w, https:\/\/www.thescreamfromnature.com\/wp-content\/uploads\/2015\/10\/skjermbilde-2016-02-24-kl.-17.41.10-300x122.png 300w\" sizes=\"auto, (max-width: 330px) 100vw, 330px\" \/><\/p>\n<p>&nbsp;<\/p>\n<\/div>\n<\/div>\n","protected":false},"excerpt":{"rendered":"<p>\u00a1Insp\u00edrate en las obras de Munch! Con motivo de la exposici\u00f3n\u00a0Edvard Munch. Arquetipos\u00a0orga\u00adnizada por el\u00a0Museo Thyssen-Bornemisza\u00a0de Madrid y el\u00a0Munch Museet\u00a0de Oslo, del 06 de octubre de 2015 al 17 de enero de 2016, se desarrolla el proyecto\u00a0El Grito de la Naturaleza\u00a0en Espa\u00f1a a trav\u00e9s del \u00c1rea de Educaci\u00f3n del Museo [&hellip;]<\/p>\n","protected":false},"author":1,"featured_media":0,"parent":0,"menu_order":0,"comment_status":"closed","ping_status":"closed","template":"page-sidebar.php","meta":{"footnotes":""},"class_list":["post-835","page","type-page","status-publish","hentry"],"_links":{"self":[{"href":"https:\/\/www.thescreamfromnature.com\/index.php\/wp-json\/wp\/v2\/pages\/835","targetHints":{"allow":["GET"]}}],"collection":[{"href":"https:\/\/www.thescreamfromnature.com\/index.php\/wp-json\/wp\/v2\/pages"}],"about":[{"href":"https:\/\/www.thescreamfromnature.com\/index.php\/wp-json\/wp\/v2\/types\/page"}],"author":[{"embeddable":true,"href":"https:\/\/www.thescreamfromnature.com\/index.php\/wp-json\/wp\/v2\/users\/1"}],"replies":[{"embeddable":true,"href":"https:\/\/www.thescreamfromnature.com\/index.php\/wp-json\/wp\/v2\/comments?post=835"}],"version-history":[{"count":21,"href":"https:\/\/www.thescreamfromnature.com\/index.php\/wp-json\/wp\/v2\/pages\/835\/revisions"}],"predecessor-version":[{"id":1621,"href":"https:\/\/www.thescreamfromnature.com\/index.php\/wp-json\/wp\/v2\/pages\/835\/revisions\/1621"}],"wp:attachment":[{"href":"https:\/\/www.thescreamfromnature.com\/index.php\/wp-json\/wp\/v2\/media?parent=835"}],"curies":[{"name":"wp","href":"https:\/\/api.w.org\/{rel}","templated":true}]}}